e 9, what is -3 + 388358?
388355
In base 3, what is 21201010011 - 11?
21201010000
In base 6, what is -2 - 3002554?
-3003000
In base 12, what is -2377 + a7?
-2290
In base 5, what is -2204 + 143?
-2011
In base 12, what is 1b3 - -408?
5bb
In base 3, what is 0 + -2020002?
-2020002
In base 7, what is -25635 + -4?
-25642
In base 13, what is 3 - 30a7b?
-30a78
In base 9, what is 3 - 20337?
-20334
In base 6, what is 113 + -13043?
-12530
In base 5, what is 133434 + -232?
133202
In base 8, what is -3 + 24572?
24567
In base 12, what is 107a2 - 5?
10799
In base 9, what is 16 + -373?
-356
In base 5, what is -143234234 + 3?
-143234231
In base 9, what is 5742465 + 5?
5742471
In base 12, what is -168 - -18a2?
1736
In base 8, what is -315466 + -13?
-315501
In base 16, what is 1 + df64?
df65
In base 10, what is -3 - -404494?
404491
In base 6, what is -4 + 354033?
354025
In base 6, what is 45123 + -55?
45024
In base 14, what is -6763 + -10?
-6773
In base 4, what is 103331 - -13302?
123233
In base 14, what is 197 + -141?
56
In base 5, what is 1 + 1100200?
1100201
In base 8, what is -24 + -174431?
-174455
In base 3, what is 1110200 - 122211?
210212
In base 5, what is 20412 - 203?
20204
In base 2, what is 110011001101 + -101001001?
101110000100
In base 2, what is -10 - -1100001010100?
1100001010010
In base 13, what is -1b885 + 4?
-1b881
In base 3, what is -1121120 + -10011?
-1201201
In base 2, what is 10000011101 - -1000111?
10001100100
In base 8, what is -511207 - -1?
-511206
In base 8, what is 1430 - -102?
1532
In base 14, what is -1a + -227?
-243
In base 9, what is -88 - 2364?
-2463
In base 14, what is -d - 42561?
-42570
In base 6, what is -10 + -34552?
-35002
In base 7, what is -336 - 2341?
-3010
In base 7, what is 333653 + -3?
333650
In base 13, what is -578742 + 0?
-578742
In base 14, what is 2 + d8d0?
d8d2
In base 6, what is -2035 + 13?
-2022
In base 8, what is -4 + 242757?
242753
In base 11, what is -2 + -714a3?
-714a5
In base 13, what is 478 + -79?
3cc
In base 11, what is -4a8 - a?
-507
In base 5, what is -14304430 + 3?
-14304422
In base 3, what is 110001022 - -12?
110001111
In base 10, what is -4 - 175252?
-175256
In base 14, what is -4c6 - cd?
-5b5
In base 7, what is 1355 - -1250?
2635
In base 9, what is 5055 + -2?
5053
In base 7, what is -1 - -125213?
125212
In base 4, what is -13012 - 321?
-13333
In base 4, what is -111132122 - -10?
-111132112
In base 14, what is 27184 + -36?
2714c
In base 3, what is 10002012021 - -11?
10002012102
In base 3, what is 202212121122 + 100?
202212121222
In base 4, what is 1313 + 233302?
301221
In base 12, what is -5 + 1a7400?
1a73b7
In base 6, what is 15 - 1232520?
-1232501
In base 11, what is -39834 - 3?
-39837
In base 2, what is -100110 + -10100110011101?
-10100111000011
In base 2, what is -10001001001110 - -10?
-10001001001100
In base 3, what is -1022111 + 1102111?
10000
In base 5, what is -110 - 3422444?
-3423104
In base 11, what is 327373 - -1?
327374
In base 13, what is 23 - b73b?
-b718
In base 3, what is 2212 + 102120?
112102
In base 7, what is -1634 - 141?
-2105
In base 5, what is 0 - -13334333?
13334333
In base 11, what is 1 + -309809?
-309808
In base 15, what is a8c + 17?
aa4
In base 12, what is -101a9 - -5?
-101a4
In base 11, what is -522 + -635?
-1057
In base 13, what is -1b5b + -102?
-1c60
In base 3, what is 122100002102 - -2?
122100002111
In base 10, what is -12 + 2123?
2111
In base 12, what is 608 + 101a?
1626
In base 13, what is 1c05c + 3?
1c062
In base 13, what is 2 - 13235?
-13233
In base 10, what is 41602 - 3?
41599
In base 15, what is 2 + 293d6?
293d8
In base 15, what is -14a34 + -1?
-14a35
In base 13, what is 4 - 206?
-202
In base 12, what is 77 + -618?
-561
In base 4, what is -11211130300 - 2?
-11211130302
In base 4, what is 1310013 + -20?
1303333
In base 6, what is 110445 - 1100?
105345
In base 6, what is 545050 + -5?
545041
In base 6, what is -4313 + -52?
-4405
In base 3, what is 21110 - -2122210?
2221020
In base 2, what is 11000000011110 + 101001?
11000001000111
In base 11, what is -7aa56 - -6?
-7aa50
In base 14, what is -d44 + 12?
-d32
In base 6, what is -104 + -5432?
-5540
In base 16, what is 70 - 21f?
-1af
In base 6, what is 254254 + 44?
254342
In base 3, what is -1000000 - -10012?
-212211
In base 13, what is 3 + -111c0?
-111ba
In base 15, what is 9 - -173?
17c
In base 15, what is 3 + 7021a?
7021d
In base 15, what is b - 222c?
-2221
In base 8, what is -36010033 + -3?
-36010036
In base 8, what is -20 + 6416?
6376
In base 16, what is 19 - -134c?
1365
In base 6, what is -10214 - -12?
-10202
In base 9, what is 858822 - -2?
858824
In base 16, what is -2689 - 22?
-26ab
In base 12, what is -a0290 + -5?
-a0295
In base 3, what is -110202120 + 1121?
-110200222
In base 2, what is 100100101110101010111 + 11?
100100101110101011010
In base 16, what is 489 + -f6?
393
In base 16, what is -5e8 - 214?
-7fc
In base 2, what is -1001 - 110011110110000101?
-110011110110001110
In base 12, what is -1b - -1348?
1329
In base 10, what is 141 + 1753?
1894
In base 9, what is -4414 + 151?
-4253
In base 12, what is 0 + -7318?
-7318
In base 6, what is -114 - -33?
-41
In base 3, what is -2 + 1012220121110?
1012220121101
In base 5, what is -2 - -1004130?
1004123
In base 6, what is 11 + -4403542?
-4403531
In base 5, what is 213001 + -114?
212332
In base 10, what is 43 + -647?
-604
In base 10, what is -6 + 13835?
13829
In base 15, what is -525b + -2a?
-5286
In base 2, what is 1001011 - -111110000000010?
111110001001101
In base 2, what is 11 - 10100000111111?
-10100000111100
In base 3, what is 2020110 - -12200?
2110010
In base 14, what is 10 - -bca?
bda
In base 4, what is -211100302 - -2?
-211100300
In base 6, what is -12304 - -123?
-12141
In base 5, what is -1204 - 44?
-1303
In base 12, what is 4025 + -5?
4020
In base 12, what is -405 - 228?
-631
In base 9, what is 18 + -31154?
-31135
In base 7, what is 365 + -311?
54
In base 7, what is 10056 + -22?
10034
In base 6, what is -5030 - 51?
-5121
In base 14, what is -14d58 + -5?
-14d5d
In base 13, what is 553 - -2ca?
850
In base 14, what is -7c - -587?
509
In base 9, what is 1711 - -23?
1734
In base 7, what is 145 - -330?
505
In base 11, what is -44 + -1767?
-1800
In base 11, what is -69917 + 4?
-69913
In base 13, what is -16 - 1a26a?
-1a283
In base 14, what is -57 + -45?
-9c
In base 10, what is 29 + 491?
520
In base 14, what is -5 - 14453?
-14458
In base 12, what is 79a4 - -79?
7a61
In base 4, what is 2 - 1131313133?
-1131313131
In base 3, what is -111 - 12020022112?
-12020100000
In base 9, what is -315 + 108?
-206
In base 7, what is 33 - 634?
-601
In base 12, what is -1 - -39940?
3993b
In base 16, what is -6ae + 48?
-666
In base 14, what is -2a8c - -5?
-2a87
In base 15, what is 0 - -24c?
24c
In base 5, what is -2 - 330432?
-330434
In base 16, what is -3 - 4287?
-428a
In base 8, what is -60 + 64?
4
In base 2, what is -10010110 - -10001110011?
1111011101
In base 4, what is 1 - -100123323?
100123330
In base 13, what is -40a + -8?
-415
In base 13, what is 2019 + -23c?
1aaa
In base 16, what is -aa + -138?
-1e2
In base 14, what is -1 + a03?
a02
In base 7, what is -4524 - -432?
-4062
In base 7, what is 152 - -1011?
1163
In base 13, what is 403 + 45?
448
In base 14, what is -2 - -3683?
3681
In base 14, what is 3064 - 4?
3060
In base 11, what is -2312 - -35?
-2288
In base 10, what is -105692 + 10?
-105682
In base 16, what is -1362 + 3?
-135f
In base 14, what is -2878b + 2?
-28789
In base 7, what is 11 - 106646?
-106635
In base 9, what is -6 - 314?
-321
In base 14, what is 4d + -45?
8
In base 6, what is -225 - 1315?
-1544
In base 5, what is -42324 - 31?
-42410
In base 5, what is 31312420 + -3?
31312412
In base 13, what is 17b82 - 5?
17b7a
In base 11, what is -536196 - 4?
-53619a
In base 7, what is 10362 - -10?
10402
In base 13, what is -215078 + 5?
-215073
In base 4, what is 0 + 323203003?
323203003
In base 5, what is 3 + 1014422?
1014430
In base 12, what is -3835 - 366?
-3b9b
In base 9, what is -70 - 1325?
-1405
In base 12, what is 7938 + 5?
7941
In base 6, what is 1030341 + 2?
1030343
In base 2, what is 101001001011 + 101011001?
101110100100
In base 15, what is -32c + -b7?
-3e4
In base 16, what is 39dde + 1?
39ddf
In base 15, what is -46221 - 5?
-46226
In base 3, what is 1010 + 21122?
222